{"id":685,"date":"2012-10-21T19:02:57","date_gmt":"2012-10-21T17:02:57","guid":{"rendered":"http:\/\/kiskanizsa.plebania.hu\/?page_id=685"},"modified":"2012-11-07T18:09:24","modified_gmt":"2012-11-07T17:09:24","slug":"zenek","status":"publish","type":"page","link":"https:\/\/kiskanizsa.plebania.hu\/?page_id=685","title":{"rendered":"Zen\u00e9k"},"content":{"rendered":"<div id=\"kijelzocske\" style=\"text-align:center;\"><\/div>\n<div style=\"text-align: left;\">\n<table width=\"100%\" cellspacing=\"0\" cellpadding=\"0\">\n<tr>\n<td align=\"right\" width=\"25\">1.<\/td>\n<td align=\"left\"><a href=\"?page_id=1439\" target=\"_self\">Mater Domini<\/a><\/td>\n<td align=\"right\" valign=\"bottom\"><a href=\"#\" onclick=\"ziple('Mater Domini','zip_letoltes','album')\" style=\"font-family: 'Inconsolata', sans-serif;font-size:0.875em;color:black;\"><img loading=\"lazy\" decoding=\"async\" src=\"http:\/\/kiskanizsa.plebania.hu\/wp-content\/uploads\/2012\/10\/letoltes.png\" alt=\"Let\u00f6lt\u00e9s\" title=\"letoltes\" width=\"16\" height=\"16\" \/>Let\u00f6lt\u00e9s<\/a><\/td>\n<\/tr>\n<tr>\n<td align=\"right\" width=\"25\">2.<\/td>\n<td align=\"left\"><a href=\"?page_id=1450\" target=\"_self\">Adventus domini<\/a><\/td>\n<td align=\"right\" valign=\"bottom\"><a href=\"#\" onclick=\"ziple('Adventus domini','zip_letoltes','album')\" style=\"font-family: 'Inconsolata', sans-serif;font-size:0.875em;color:black;\"><img loading=\"lazy\" decoding=\"async\" src=\"http:\/\/kiskanizsa.plebania.hu\/wp-content\/uploads\/2012\/10\/letoltes.png\" alt=\"Let\u00f6lt\u00e9s\" title=\"letoltes\" width=\"16\" height=\"16\" \/>Let\u00f6lt\u00e9s<\/a><\/td>\n<\/tr>\n<tr>\n<td align=\"right\" width=\"25\">3.<\/td>\n<td align=\"left\"><a href=\"?page_id=1458\" target=\"_self\">Corpus Domini<\/a><\/td>\n<td align=\"right\" valign=\"bottom\"><a href=\"#\" onclick=\"ziple('Corpus Domini','zip_letoltes','album')\" style=\"font-family: 'Inconsolata', sans-serif;font-size:0.875em;color:black;\"><img loading=\"lazy\" decoding=\"async\" src=\"http:\/\/kiskanizsa.plebania.hu\/wp-content\/uploads\/2012\/10\/letoltes.png\" alt=\"Let\u00f6lt\u00e9s\" title=\"letoltes\" width=\"16\" height=\"16\" \/>Let\u00f6lt\u00e9s<\/a><\/td>\n<\/tr>\n<tr>\n<td align=\"right\" width=\"25\">4.<\/td>\n<td align=\"left\"><a href=\"?page_id=1464\" target=\"_self\">Epiphania Domini<\/a><\/td>\n<td align=\"right\" valign=\"bottom\"><a href=\"#\" onclick=\"ziple('Epiphania Domini','zip_letoltes','album')\" style=\"font-family: 'Inconsolata', sans-serif;font-size:0.875em;color:black;\"><img loading=\"lazy\" decoding=\"async\" src=\"http:\/\/kiskanizsa.plebania.hu\/wp-content\/uploads\/2012\/10\/letoltes.png\" alt=\"Let\u00f6lt\u00e9s\" title=\"letoltes\" width=\"16\" height=\"16\" \/>Let\u00f6lt\u00e9s<\/a><\/td>\n<\/tr>\n<tr>\n<td align=\"right\" width=\"25\">5.<\/td>\n<td align=\"left\"><a href=\"?page_id=1470\" target=\"_self\">Spiritu Domini<\/a><\/td>\n<td align=\"right\" valign=\"bottom\"><a href=\"#\" onclick=\"ziple('Spiritu Domini','zip_letoltes','album')\" style=\"font-family: 'Inconsolata', sans-serif;font-size:0.875em;color:black;\"><img loading=\"lazy\" decoding=\"async\" src=\"http:\/\/kiskanizsa.plebania.hu\/wp-content\/uploads\/2012\/10\/letoltes.png\" alt=\"Let\u00f6lt\u00e9s\" title=\"letoltes\" width=\"16\" height=\"16\" \/>Let\u00f6lt\u00e9s<\/a><\/td>\n<\/tr>\n<tr>\n<td align=\"right\" width=\"25\">6.<\/td>\n<td align=\"left\"><a href=\"?page_id=1475\" target=\"_self\">Pascha nostrum<\/a><\/td>\n<td align=\"right\" valign=\"bottom\"><a href=\"#\" onclick=\"ziple('Pascha nostrum','zip_letoltes','album')\" style=\"font-family: 'Inconsolata', sans-serif;font-size:0.875em;color:black;\"><img loading=\"lazy\" decoding=\"async\" src=\"http:\/\/kiskanizsa.plebania.hu\/wp-content\/uploads\/2012\/10\/letoltes.png\" alt=\"Let\u00f6lt\u00e9s\" title=\"letoltes\" width=\"16\" height=\"16\" \/>Let\u00f6lt\u00e9s<\/a><\/td>\n<\/tr>\n<tr>\n<td align=\"right\" width=\"25\">7.<\/td>\n<td align=\"left\"><a href=\"?page_id=1480\" target=\"_self\">In Paradisum<\/a><\/td>\n<td align=\"right\" valign=\"bottom\"><a href=\"#\" onclick=\"ziple('In Paradisum','zip_letoltes','album')\" style=\"font-family: 'Inconsolata', sans-serif;font-size:0.875em;color:black;\"><img loading=\"lazy\" decoding=\"async\" src=\"http:\/\/kiskanizsa.plebania.hu\/wp-content\/uploads\/2012\/10\/letoltes.png\" alt=\"Let\u00f6lt\u00e9s\" title=\"letoltes\" width=\"16\" height=\"16\" \/>Let\u00f6lt\u00e9s<\/a><\/td>\n<\/tr>\n<tr>\n<td align=\"right\" width=\"25\">8.<\/td>\n<td align=\"left\"><a href=\"?page_id=1485\" target=\"_self\">Natus est nobis<\/a><\/td>\n<td align=\"right\" valign=\"bottom\"><a href=\"#\" onclick=\"ziple('Natus est nobis','zip_letoltes','album')\" style=\"font-family: 'Inconsolata', sans-serif;font-size:0.875em;color:black;\"><img loading=\"lazy\" decoding=\"async\" src=\"http:\/\/kiskanizsa.plebania.hu\/wp-content\/uploads\/2012\/10\/letoltes.png\" alt=\"Let\u00f6lt\u00e9s\" title=\"letoltes\" width=\"16\" height=\"16\" \/>Let\u00f6lt\u00e9s<\/a><\/td>\n<\/tr>\n<tr>\n<td align=\"right\" width=\"25\">9.<\/td>\n<td align=\"left\"><a href=\"?page_id=1490\" target=\"_self\">Dominus Redemptor<\/a><\/td>\n<td align=\"right\" valign=\"bottom\"><a href=\"#\" onclick=\"ziple('Dominus Redemptor','zip_letoltes','album')\" style=\"font-family: 'Inconsolata', sans-serif;font-size:0.875em;color:black;\"><img loading=\"lazy\" decoding=\"async\" src=\"http:\/\/kiskanizsa.plebania.hu\/wp-content\/uploads\/2012\/10\/letoltes.png\" alt=\"Let\u00f6lt\u00e9s\" title=\"letoltes\" width=\"16\" height=\"16\" \/>Let\u00f6lt\u00e9s<\/a><\/td>\n<\/tr>\n<tr>\n<td align=\"right\" width=\"25\">10.<\/td>\n<td align=\"left\"><a href=\"?page_id=1495\" target=\"_self\">Passio Domini nostri<\/a><\/td>\n<td align=\"right\" valign=\"bottom\"><a href=\"#\" onclick=\"ziple('Passio Domini nostri','zip_letoltes','album')\" style=\"font-family: 'Inconsolata', sans-serif;font-size:0.875em;color:black;\"><img loading=\"lazy\" decoding=\"async\" src=\"http:\/\/kiskanizsa.plebania.hu\/wp-content\/uploads\/2012\/10\/letoltes.png\" alt=\"Let\u00f6lt\u00e9s\" title=\"letoltes\" width=\"16\" height=\"16\" \/>Let\u00f6lt\u00e9s<\/a><\/td>\n<\/tr>\n<tr>\n<td align=\"right\" width=\"25\">11.<\/td>\n<td align=\"left\"><a href=\"?page_id=1500\" target=\"_self\">Adventi \u00d3 antf\u00f3n\u00e1k<\/a><\/td>\n<td align=\"right\" valign=\"bottom\"><a href=\"#\" onclick=\"ziple('Adventi \u00d3 antf\u00f3n\u00e1k','zip_letoltes','album')\" style=\"font-family: 'Inconsolata', sans-serif;font-size:0.875em;color:black;\"><img loading=\"lazy\" decoding=\"async\" src=\"http:\/\/kiskanizsa.plebania.hu\/wp-content\/uploads\/2012\/10\/letoltes.png\" alt=\"Let\u00f6lt\u00e9s\" title=\"letoltes\" width=\"16\" height=\"16\" \/>Let\u00f6lt\u00e9s<\/a><\/td>\n<\/tr>\n<tr>\n<td align=\"right\" width=\"25\">12.<\/td>\n<td align=\"left\"><a href=\"?page_id=1505\" target=\"_self\">Archaikus \u00e9nekek<\/a><\/td>\n<td align=\"right\" valign=\"bottom\"><a href=\"#\" onclick=\"ziple('Archaikus \u00e9nekek','zip_letoltes','album')\" style=\"font-family: 'Inconsolata', sans-serif;font-size:0.875em;color:black;\"><img loading=\"lazy\" decoding=\"async\" src=\"http:\/\/kiskanizsa.plebania.hu\/wp-content\/uploads\/2012\/10\/letoltes.png\" alt=\"Let\u00f6lt\u00e9s\" title=\"letoltes\" width=\"16\" height=\"16\" \/>Let\u00f6lt\u00e9s<\/a><\/td>\n<\/tr>\n<tr>\n<td align=\"right\" width=\"25\">13.<\/td>\n<td align=\"left\"><a href=\"?page_id=1510\" target=\"_self\">Karol Wojtyla<\/a><\/td>\n<td align=\"right\" valign=\"bottom\"><a href=\"#\" onclick=\"ziple('Karol Wojtyla','zip_letoltes','album')\" style=\"font-family: 'Inconsolata', sans-serif;font-size:0.875em;color:black;\"><img loading=\"lazy\" decoding=\"async\" src=\"http:\/\/kiskanizsa.plebania.hu\/wp-content\/uploads\/2012\/10\/letoltes.png\" alt=\"Let\u00f6lt\u00e9s\" title=\"letoltes\" width=\"16\" height=\"16\" \/>Let\u00f6lt\u00e9s<\/a><\/td>\n<\/tr>\n<tr>\n<td align=\"right\" width=\"25\">14.<\/td>\n<td align=\"left\"><a href=\"?page_id=1515\" target=\"_self\">Passio<\/a><\/td>\n<td align=\"right\" valign=\"bottom\"><a href=\"#\" onclick=\"ziple('Passio','zip_letoltes','album')\" style=\"font-family: 'Inconsolata', sans-serif;font-size:0.875em;color:black;\"><img loading=\"lazy\" decoding=\"async\" src=\"http:\/\/kiskanizsa.plebania.hu\/wp-content\/uploads\/2012\/10\/letoltes.png\" alt=\"Let\u00f6lt\u00e9s\" title=\"letoltes\" width=\"16\" height=\"16\" \/>Let\u00f6lt\u00e9s<\/a><\/td>\n<\/tr>\n<\/table>\n<\/div>\n","protected":false},"excerpt":{"rendered":"<p>1. Mater Domini Let\u00f6lt\u00e9s 2. Adventus domini Let\u00f6lt\u00e9s 3. Corpus Domini Let\u00f6lt\u00e9s 4. Epiphania Domini Let\u00f6lt\u00e9s 5. Spiritu Domini Let\u00f6lt\u00e9s 6. Pascha nostrum Let\u00f6lt\u00e9s 7. In Paradisum Let\u00f6lt\u00e9s 8. Natus est nobis Let\u00f6lt\u00e9s 9. Dominus Redemptor Let\u00f6lt\u00e9s 10. Passio Domini nostri Let\u00f6lt\u00e9s 11. Adventi \u00d3 antf\u00f3n\u00e1k Let\u00f6lt\u00e9s 12. Archaikus \u00e9nekek Let\u00f6lt\u00e9s 13. Karol Wojtyla Let\u00f6lt\u00e9s&#8230;&nbsp;(<a href=\"https:\/\/kiskanizsa.plebania.hu\/?page_id=685\">Tov\u00e1bb<\/a>)<\/p>\n","protected":false},"author":1,"featured_media":0,"parent":0,"menu_order":0,"comment_status":"closed","ping_status":"closed","template":"","meta":{"ngg_post_thumbnail":0,"footnotes":""},"class_list":["post-685","page","type-page","status-publish","hentry"],"_links":{"self":[{"href":"https:\/\/kiskanizsa.plebania.hu\/index.php?rest_route=\/wp\/v2\/pages\/685","targetHints":{"allow":["GET"]}}],"collection":[{"href":"https:\/\/kiskanizsa.plebania.hu\/index.php?rest_route=\/wp\/v2\/pages"}],"about":[{"href":"https:\/\/kiskanizsa.plebania.hu\/index.php?rest_route=\/wp\/v2\/types\/page"}],"author":[{"embeddable":true,"href":"https:\/\/kiskanizsa.plebania.hu\/index.php?rest_route=\/wp\/v2\/users\/1"}],"replies":[{"embeddable":true,"href":"https:\/\/kiskanizsa.plebania.hu\/index.php?rest_route=%2Fwp%2Fv2%2Fcomments&post=685"}],"version-history":[{"count":108,"href":"https:\/\/kiskanizsa.plebania.hu\/index.php?rest_route=\/wp\/v2\/pages\/685\/revisions"}],"predecessor-version":[{"id":5392,"href":"https:\/\/kiskanizsa.plebania.hu\/index.php?rest_route=\/wp\/v2\/pages\/685\/revisions\/5392"}],"wp:attachment":[{"href":"https:\/\/kiskanizsa.plebania.hu\/index.php?rest_route=%2Fwp%2Fv2%2Fmedia&parent=685"}],"curies":[{"name":"wp","href":"https:\/\/api.w.org\/{rel}","templated":true}]}}