{"id":687,"date":"2012-10-21T19:03:12","date_gmt":"2012-10-21T17:03:12","guid":{"rendered":"http:\/\/kiskanizsa.plebania.hu\/?page_id=687"},"modified":"2020-12-22T15:01:54","modified_gmt":"2020-12-22T14:01:54","slug":"videok","status":"publish","type":"page","link":"https:\/\/kiskanizsa.plebania.hu\/?page_id=687","title":{"rendered":"Vide\u00f3k"},"content":{"rendered":"<h3 style=\"text-align: center;\">2020.12.19.-i SACRA MUSIKORUM KAR\u00c1CSONYI KONCERTJE:<\/h3>\n<h3 style=\"text-align: center;\">https:\/\/youtu.be\/lJXlXLSHCeE&nbsp; (1.r\u00e9sz)<\/h3>\n<h3 style=\"text-align: left; margin-bottom: 20px; text-decoration: underline;\">J\u00e1nos atya mis\u00e9je:<\/h3>\n<p><iframe loading=\"lazy\" src=\"http:\/\/www.youtube.com\/embed\/fkulq7Qbtaw\" width=\"520\" height=\"415\" frameborder=\"0\"><\/iframe><\/p>\n<h2 style=\"text-align: left; margin-bottom: 5px; text-decoration: underline; font-size: 14px;\">Aj\u00e1nlott linkek:<\/h2>\n<div style=\"text-align: left; margin: 0px; padding: 0px;\">\n<ul>\n<li><a href=\"http:\/\/www.vatican.va\/various\/basiliche\/san_paolo\/vr_tour\/index-en.html\" target=\"_blank\" rel=\"noopener\">www.vatican.va<\/a><\/li>\n<li><a href=\"http:\/\/virtualisszekelyfold.ro\/index2.html\" target=\"_blank\" rel=\"noopener\">virtualisszekelyfold.ro<\/a><\/li>\n<li><a href=\"http:\/\/www.p4panorama.com\/panos\/HOLYLAND\/index.html\" target=\"_blank\" rel=\"noopener\">The Holy Land&#8230;In the Footsteps of Jesus<\/a><\/li>\n<li><a href=\"http:\/\/hu.gloria.tv\/?media=108474\" target=\"_blank\" rel=\"noopener\">Gloria.TV<\/a><\/li>\n<li><a href=\"http:\/\/kiskanizsa.plebania.hu\/wp-content\/uploads\/2012\/10\/mi_az_imadsag_2011.pps\">Mi az im\u00e1ds\u00e1g (pps)<\/a><\/li>\n<li><a href=\"http:\/\/kiskanizsa.plebania.hu\/wp-content\/uploads\/2012\/10\/Monte_de_Olivos.pps\">Az olajf\u00e1k hegye (pps)<\/a><\/li>\n<\/ul>\n<\/div>\n","protected":false},"excerpt":{"rendered":"<p>2020.12.19.-i SACRA MUSIKORUM KAR\u00c1CSONYI KONCERTJE: https:\/\/youtu.be\/lJXlXLSHCeE&nbsp; (1.r\u00e9sz) J\u00e1nos atya mis\u00e9je: Aj\u00e1nlott linkek: www.vatican.va virtualisszekelyfold.ro The Holy Land&#8230;In the Footsteps of Jesus Gloria.TV Mi az im\u00e1ds\u00e1g (pps) Az olajf\u00e1k hegye (pps)<\/p>\n","protected":false},"author":1,"featured_media":0,"parent":0,"menu_order":0,"comment_status":"closed","ping_status":"closed","template":"","meta":{"ngg_post_thumbnail":0,"footnotes":""},"class_list":["post-687","page","type-page","status-publish","hentry"],"_links":{"self":[{"href":"https:\/\/kiskanizsa.plebania.hu\/index.php?rest_route=\/wp\/v2\/pages\/687","targetHints":{"allow":["GET"]}}],"collection":[{"href":"https:\/\/kiskanizsa.plebania.hu\/index.php?rest_route=\/wp\/v2\/pages"}],"about":[{"href":"https:\/\/kiskanizsa.plebania.hu\/index.php?rest_route=\/wp\/v2\/types\/page"}],"author":[{"embeddable":true,"href":"https:\/\/kiskanizsa.plebania.hu\/index.php?rest_route=\/wp\/v2\/users\/1"}],"replies":[{"embeddable":true,"href":"https:\/\/kiskanizsa.plebania.hu\/index.php?rest_route=%2Fwp%2Fv2%2Fcomments&post=687"}],"version-history":[{"count":23,"href":"https:\/\/kiskanizsa.plebania.hu\/index.php?rest_route=\/wp\/v2\/pages\/687\/revisions"}],"predecessor-version":[{"id":6773,"href":"https:\/\/kiskanizsa.plebania.hu\/index.php?rest_route=\/wp\/v2\/pages\/687\/revisions\/6773"}],"wp:attachment":[{"href":"https:\/\/kiskanizsa.plebania.hu\/index.php?rest_route=%2Fwp%2Fv2%2Fmedia&parent=687"}],"curies":[{"name":"wp","href":"https:\/\/api.w.org\/{rel}","templated":true}]}}