{"id":70,"date":"2012-09-29T13:01:18","date_gmt":"2012-09-29T11:01:18","guid":{"rendered":"http:\/\/kiskanizsa.plebania.hu\/?page_id=70"},"modified":"2012-11-01T19:10:56","modified_gmt":"2012-11-01T18:10:56","slug":"cserfoi-kapolna","status":"publish","type":"page","link":"https:\/\/kiskanizsa.plebania.hu\/?page_id=70","title":{"rendered":"Cserf\u0151i k\u00e1polna"},"content":{"rendered":"<p>&nbsp;<\/p>\n<table align=\"center\">\n<tbody>\n<tr>\n<td>\n<div id=\"attachment_71\" style=\"width: 232px\" class=\"wp-caption aligncenter\"><a href=\"http:\/\/kiskanizsa.plebania.hu\/wp-content\/uploads\/2012\/09\/cserfo-kapolna.png\"><img loading=\"lazy\" decoding=\"async\" aria-describedby=\"caption-attachment-71\" src=\"http:\/\/kiskanizsa.plebania.hu\/wp-content\/uploads\/2012\/09\/cserfo-kapolna-222x300.png\" alt=\"K\u00e1polna\" title=\"K\u00e1polna\" width=\"222\" height=\"300\" class=\"size-medium wp-image-71\" srcset=\"https:\/\/kiskanizsa.plebania.hu\/wp-content\/uploads\/2012\/09\/cserfo-kapolna-222x300.png 222w, https:\/\/kiskanizsa.plebania.hu\/wp-content\/uploads\/2012\/09\/cserfo-kapolna-111x150.png 111w, https:\/\/kiskanizsa.plebania.hu\/wp-content\/uploads\/2012\/09\/cserfo-kapolna.png 418w\" sizes=\"auto, (max-width: 222px) 100vw, 222px\" \/><\/a><p id=\"caption-attachment-71\" class=\"wp-caption-text\">K\u00e1polna<\/p><\/div>\n<\/td>\n<td style=\"text-align: justify;\" valign=\"center\">\u00a0 \u00a0 A Cserf\u0151 hegyen \u00e1ll a Szent Anna k\u00e1polna. A sz\u0151l\u0151hegy erd\u0151irt\u00e1s hely\u00e9re telep\u00fclt,<br \/>\ns k\u00e1poln\u00e1j\u00e1t 1870-es \u00e9vek elej\u00e9n \u00e9p\u00edtett\u00e9k. Harangj\u00e1t 1887-ben szentelt\u00e9k fel, de 1923-ban p\u00f3tolni kellett. Eredeti, Keresztel\u0151 Szent J\u00e1nost \u00e1br\u00e1zol\u00f3 olt\u00e1rk\u00e9pet k\u00e9t gazda v\u00e1s\u00e1rolta 1888-ban, az Ispita k\u00e1polna bont\u00e1sakor.<\/td>\n<\/tr>\n<tr>\n<td align=\"left\">\u00a0 \u00a0 A cserf\u0151i Szent Anna k\u00e1polna felirat\u00e1n ez olvashat\u00f3:<strong><br \/>\n\u201eAz erd\u0151irt\u00e1s hely\u00e9re telep\u00fclt sz\u0151l\u0151hegy k\u00e1poln\u00e1ja az 1870-es \u00e9vek elej\u00e9n \u00e9p\u00fclhetett\u2026. Az eml\u00e9kt\u00e1bl\u00e1t \u00e1ll\u00edtotta a 2005 esztend\u0151ben Dr. Fekete \u00c1goston csal\u00e1dja.\u201d<\/strong><\/p>\n<p><strong>A k\u00e1polna b\u00facs\u00fa \u00fcnnepei:<\/strong><br \/>\n1.\u00a0\u00a0\u00a0 J\u00falius 26: Szent Anna \u00fcnnepe ut\u00e1ni vas\u00e1rnap, d\u00e9li 12 \u00f3rakor<br \/>\n2.\u00a0\u00a0\u00a0 Szeptember 12: M\u00e1ria neve napja ut\u00e1ni vas\u00e1rnap, d\u00e9li 12 \u00f3rakor\n<\/td>\n<td>\n<div id=\"attachment_72\" style=\"width: 239px\" class=\"wp-caption aligncenter\"><a href=\"http:\/\/kiskanizsa.plebania.hu\/wp-content\/uploads\/2012\/09\/cserf-kereszt.png\"><img loading=\"lazy\" decoding=\"async\" aria-describedby=\"caption-attachment-72\" src=\"http:\/\/kiskanizsa.plebania.hu\/wp-content\/uploads\/2012\/09\/cserf-kereszt-229x300.png\" alt=\"Cserf\u0151i kereszt\" title=\"Cserf\u0151i kereszt\" width=\"229\" height=\"300\" class=\"size-medium wp-image-72\" srcset=\"https:\/\/kiskanizsa.plebania.hu\/wp-content\/uploads\/2012\/09\/cserf-kereszt-229x300.png 229w, https:\/\/kiskanizsa.plebania.hu\/wp-content\/uploads\/2012\/09\/cserf-kereszt-114x150.png 114w, https:\/\/kiskanizsa.plebania.hu\/wp-content\/uploads\/2012\/09\/cserf-kereszt.png 371w\" sizes=\"auto, (max-width: 229px) 100vw, 229px\" \/><\/a><p id=\"caption-attachment-72\" class=\"wp-caption-text\">Cserf\u0151i kereszt<\/p><\/div>\n<\/td>\n<\/tr>\n<\/tbody>\n<\/table>\n<p>&nbsp;<\/p>\n","protected":false},"excerpt":{"rendered":"<p>&nbsp; \u00a0 \u00a0 A Cserf\u0151 hegyen \u00e1ll a Szent Anna k\u00e1polna. A sz\u0151l\u0151hegy erd\u0151irt\u00e1s hely\u00e9re telep\u00fclt, s k\u00e1poln\u00e1j\u00e1t 1870-es \u00e9vek elej\u00e9n \u00e9p\u00edtett\u00e9k. Harangj\u00e1t 1887-ben szentelt\u00e9k fel, de 1923-ban p\u00f3tolni kellett. Eredeti, Keresztel\u0151 Szent J\u00e1nost \u00e1br\u00e1zol\u00f3 olt\u00e1rk\u00e9pet k\u00e9t gazda v\u00e1s\u00e1rolta 1888-ban, az Ispita k\u00e1polna bont\u00e1sakor. \u00a0 \u00a0 A cserf\u0151i Szent Anna k\u00e1polna felirat\u00e1n ez olvashat\u00f3: \u201eAz&#8230;&nbsp;(<a href=\"https:\/\/kiskanizsa.plebania.hu\/?page_id=70\">Tov\u00e1bb<\/a>)<\/p>\n","protected":false},"author":1,"featured_media":0,"parent":0,"menu_order":0,"comment_status":"closed","ping_status":"closed","template":"","meta":{"ngg_post_thumbnail":0,"footnotes":""},"class_list":["post-70","page","type-page","status-publish","hentry"],"_links":{"self":[{"href":"https:\/\/kiskanizsa.plebania.hu\/index.php?rest_route=\/wp\/v2\/pages\/70","targetHints":{"allow":["GET"]}}],"collection":[{"href":"https:\/\/kiskanizsa.plebania.hu\/index.php?rest_route=\/wp\/v2\/pages"}],"about":[{"href":"https:\/\/kiskanizsa.plebania.hu\/index.php?rest_route=\/wp\/v2\/types\/page"}],"author":[{"embeddable":true,"href":"https:\/\/kiskanizsa.plebania.hu\/index.php?rest_route=\/wp\/v2\/users\/1"}],"replies":[{"embeddable":true,"href":"https:\/\/kiskanizsa.plebania.hu\/index.php?rest_route=%2Fwp%2Fv2%2Fcomments&post=70"}],"version-history":[{"count":26,"href":"https:\/\/kiskanizsa.plebania.hu\/index.php?rest_route=\/wp\/v2\/pages\/70\/revisions"}],"predecessor-version":[{"id":1427,"href":"https:\/\/kiskanizsa.plebania.hu\/index.php?rest_route=\/wp\/v2\/pages\/70\/revisions\/1427"}],"wp:attachment":[{"href":"https:\/\/kiskanizsa.plebania.hu\/index.php?rest_route=%2Fwp%2Fv2%2Fmedia&parent=70"}],"curies":[{"name":"wp","href":"https:\/\/api.w.org\/{rel}","templated":true}]}}

Cserfői kápolna

<p>&nbsp;</p>
<table align="center">
<tbody>
<tr>
<td>
<div id="attachment_71" style="width: 232px" class="wp-caption aligncenter"><a href="http://kiskanizsa.plebania.hu/wp-content/uploads/2012/09/cserfo-kapolna.png"><img loading="lazy" decoding="async" aria-describedby="caption-attachment-71" src="http://kiskanizsa.plebania.hu/wp-content/uploads/2012/09/cserfo-kapolna-222x300.png" alt="Kápolna" title="Kápolna" width="222" height="300" class="size-medium wp-image-71" srcset="https://kiskanizsa.plebania.hu/wp-content/uploads/2012/09/cserfo-kapolna-222x300.png 222w, https://kiskanizsa.plebania.hu/wp-content/uploads/2012/09/cserfo-kapolna-111x150.png 111w, https://kiskanizsa.plebania.hu/wp-content/uploads/2012/09/cserfo-kapolna.png 418w" sizes="auto, (max-width: 222px) 100vw, 222px" /></a><p id="caption-attachment-71" class="wp-caption-text">Kápolna</p></div>
</td>
<td style="text-align: justify;" valign="center">    A Cserfő hegyen áll a Szent Anna kápolna. A szőlőhegy erdőirtás helyére települt,<br />
s kápolnáját 1870-es évek elején építették. Harangját 1887-ben szentelték fel, de 1923-ban pótolni kellett. Eredeti, Keresztelő Szent Jánost ábrázoló oltárképet két gazda vásárolta 1888-ban, az Ispita kápolna bontásakor.</td>
</tr>
<tr>
<td align="left">    A cserfői Szent Anna kápolna feliratán ez olvasható:<strong><br />
„Az erdőirtás helyére települt szőlőhegy kápolnája az 1870-es évek elején épülhetett…. Az emléktáblát állította a 2005 esztendőben Dr. Fekete Ágoston családja.”</strong></p>
<p><strong>A kápolna búcsú ünnepei:</strong><br />
1.    Július 26: Szent Anna ünnepe utáni vasárnap, déli 12 órakor<br />
2.    Szeptember 12: Mária neve napja utáni vasárnap, déli 12 órakor
</td>
<td>
<div id="attachment_72" style="width: 239px" class="wp-caption aligncenter"><a href="http://kiskanizsa.plebania.hu/wp-content/uploads/2012/09/cserf-kereszt.png"><img loading="lazy" decoding="async" aria-describedby="caption-attachment-72" src="http://kiskanizsa.plebania.hu/wp-content/uploads/2012/09/cserf-kereszt-229x300.png" alt="Cserfői kereszt" title="Cserfői kereszt" width="229" height="300" class="size-medium wp-image-72" srcset="https://kiskanizsa.plebania.hu/wp-content/uploads/2012/09/cserf-kereszt-229x300.png 229w, https://kiskanizsa.plebania.hu/wp-content/uploads/2012/09/cserf-kereszt-114x150.png 114w, https://kiskanizsa.plebania.hu/wp-content/uploads/2012/09/cserf-kereszt.png 371w" sizes="auto, (max-width: 229px) 100vw, 229px" /></a><p id="caption-attachment-72" class="wp-caption-text">Cserfői kereszt</p></div>
</td>
</tr>
</tbody>
</table>
<p>&nbsp;</p>

<p>&nbsp;     A Cserfő hegyen áll a Szent Anna kápolna. A szőlőhegy erdőirtás helyére települt, s kápolnáját 1870-es évek elején építették. Harangját 1887-ben szentelték fel, de 1923-ban pótolni kellett. Eredeti, Keresztelő Szent Jánost ábrázoló oltárképet két gazda vásárolta 1888-ban, az Ispita kápolna bontásakor.     A cserfői Szent Anna kápolna feliratán ez olvasható: „Az&#8230;&nbsp;(<a href="https://kiskanizsa.plebania.hu/?page_id=70">Tovább</a>)</p>
